{"id":464,"date":"2021-04-12T14:07:42","date_gmt":"2021-04-12T12:07:42","guid":{"rendered":"https:\/\/www.ckbbarczewo.pl\/?page_id=464"},"modified":"2021-04-12T14:15:30","modified_gmt":"2021-04-12T12:15:30","slug":"jesli-jestes-artysta-zglos-sie","status":"publish","type":"page","link":"https:\/\/www.ckbbarczewo.pl\/?page_id=464","title":{"rendered":"Je\u015bli jeste\u015b artyst\u0105\u2026 zg\u0142o\u015b si\u0119!"},"content":{"rendered":"\n<p>My\u015bla\u0142e\u015b kiedy\u015b, by pokaza\u0107 swoje prace ca\u0142emu \u015bwiatu? Mo\u017ce boisz si\u0119 wyci\u0105gn\u0105\u0107 wiersze z szuflady\u2026 muzyka, kt\u00f3r\u0105 komponujesz cieszy tylko twoich najbli\u017cszych\u2026 Mo\u017ce masz wra\u017cenie, \u017ce wszyscy robi\u0105 co\u015b lepiej od Ciebie, ale Twoja artystyczna dusza dr\u017cy i szuka mo\u017cliwo\u015bci by rozwin\u0105\u0107 skrzyd\u0142a\u2026 A mo\u017ce masz wiele do\u015bwiadczenia w artystycznej pracy i m\u00f3g\u0142by\u015b podzieli\u0107 si\u0119 Swoj\u0105 wiedz\u0105 z innymi?<br>My wierzymy, \u017ce ka\u017cdy mieszkaniec gminy Barczewo ma jaki\u015b talent. Tylko trzeba o tym g\u0142o\u015bno m\u00f3wi\u0107.<br>Dlatego otwieramy baz\u0119 \u201eArty\u015bci gminy Barczewo\u201d.<br>Na stronie www.ckbbarczewo.pl za\u0142o\u017cyli\u015bmy podstron\u0119, na kt\u00f3rej b\u0119dziemy umieszcza\u0107 zg\u0142oszenia artyst\u00f3w do\u015bwiadczonych i z wielkim dorobkiem, oraz takich, kt\u00f3rzy dopiero rozpo\u015bcieraj\u0105 swoje skrzyd\u0142a i b\u0119d\u0105 si\u0119 rozwija\u0107 na naszych oczach.<br>Co zrobi\u0107 by znale\u017a\u0107 si\u0119 w naszej bazie? Wystarczy wype\u0142ni\u0107 formularz, kt\u00f3ry jest dost\u0119pny na stronie www.ckbbarczewo.pl w zak\u0142adce \u201eArty\u015bci gminy Barczewo\u201d, poda\u0107 swoje dane, opisa\u0107 swoj\u0105 pasj\u0119 lub zaj\u0119cie, do\u0142\u0105czy\u0107 zdj\u0119cia prac lub za\u0142\u0105czy\u0107 pliki d\u017awi\u0119kowe i wys\u0142a\u0107 pod adres: promocja@barczewo.pl.<br>Do\u0142\u0105czy\u0107 mo\u017ce ka\u017cdy. Malarz, rze\u017abiarz, kompozytor, projektant, r\u0119kodzielnik, utalentowany cukiernik, poeta, muzyk, instrumentalista, gimnastyczka, tancerz\u2026 a to tylko przyk\u0142ad zainteresowa\u0144.<br>Po autoryzacji takiego zg\u0142oszenia dane zostan\u0105 wprowadzone na stron\u0119 internetow\u0105, gdzie powstawa\u0107 b\u0119dzie baza \u201eArty\u015bci gminy Barczewo\u201d. To d\u0142ugi proces, ale dzi\u0119ki niemu b\u0119dziemy wiedzieli do kogo kierowa\u0107 propozycje wsp\u00f3\u0142pracy, dla kogo organizowa\u0107 warsztaty i komu pomaga\u0107 w rozwoju, jak wspiera\u0107 i motywowa\u0107 artyst\u00f3w. Arty\u015bci z bazy b\u0119d\u0105 jako pierwsi dostawa\u0107 informacje o zbli\u017caj\u0105cych si\u0119 wydarzeniach w gminie, w kt\u00f3rych b\u0119d\u0105 mogli bra\u0107 udzia\u0142.<br>Przed nami wiele wsp\u00f3lnych wyzwa\u0144, dlatego zapraszamy do tworzeni artystycznej spo\u0142eczno\u015bci gminy Barczewo.<\/p>\n\n\n\n<p><strong>Jak znale\u017a\u0107 si\u0119 w bazie?<\/strong><\/p>\n\n\n\n<ol class=\"wp-block-list\"><li>Pobierz formularz zg\u0142oszeniowy ze strony www.ckbbarczewo.pl<a href=\"https:\/\/www.ckbbarczewo.pl\/wp-content\/uploads\/2021\/04\/art-gminy-barczewo-formularz.odt\" target=\"_blank\" rel=\"noreferrer noopener\"> <strong>>>><\/strong><\/a><\/li><li>Wype\u0142nij formularz oraz podpisz zgody na formularzu<\/li><li>Pobierz, wydrukuj i podpisz RODO dost\u0119pne na www.ckbbarczewo.pl <a href=\"https:\/\/www.ckbbarczewo.pl\/wp-content\/uploads\/2021\/04\/art-gminy-barczewo-rodo.odt\" target=\"_blank\" rel=\"noreferrer noopener\"><strong>>>><\/strong><\/a><\/li><li>Formularz mo\u017cna:<br>&#8211; wype\u0142ni\u0107 r\u0119cznie, podpisa\u0107, zeskanowa\u0107 i wys\u0142a\u0107 na email: promocja@barczewo.pl,<br>&#8211; wype\u0142ni\u0107 r\u0119cznie, podpisa\u0107 i przynie\u015b\u0107 do Informacji Turystycznej, ul. Mickiewicza 12, 11-010 Barczewo<br>&#8211; wype\u0142ni\u0107 w programie pozwalaj\u0105cym na edycj\u0119, wys\u0142a\u0107 w wersji edytowalnej oraz przys\u0142a\u0107 skany z podpisem<br>&#8211; otrzyma\u0107 w Informacji Turystycznej wraz z dok\u0142adnymi informacjami oraz klauzul\u0105 RODO<\/li><li>Do wys\u0142anego formularza do\u0142\u0105cz RODO<\/li><li>Do formularza i RODO do\u0142\u0105cz za\u0142\u0105czniki (zdj\u0119cia, pliki d\u017awi\u0119kowe)<br>&#8211; do\u0142\u0105cz do wiadomo\u015bci email: promocja@barczewo.pl<br>&#8211; dostarcz do Informacji Turystycznej na no\u015bniku pendrive<\/li><li>Po otrzymaniu formularza wraz ze zgodami oraz RODO wprowadzimy Twoje dane na stron\u0119 www.ckbbarczewo.pl w odpowiedniej zak\u0142adce<\/li><li>Twoje zg\u0142oszenie b\u0119dzie widoczne dla innych u\u017cytkownik\u00f3w i odwiedzaj\u0105cych stron\u0119<\/li><\/ol>\n\n\n\n<p><em>Obrazek ilustracyjny: pixabay.com<\/em><\/p>\n","protected":false},"excerpt":{"rendered":"<p>My\u015bla\u0142e\u015b kiedy\u015b, by pokaza\u0107 swoje prace ca\u0142emu \u015bwiatu? Mo\u017ce boisz si\u0119 wyci\u0105gn\u0105\u0107 wiersze z szuflady\u2026 muzyka, kt\u00f3r\u0105 komponujesz cieszy tylko twoich najbli\u017cszych\u2026 Mo\u017ce masz wra\u017cenie, \u017ce wszyscy robi\u0105 co\u015b lepiej od Ciebie, \u2026<\/p>\n","protected":false},"author":1,"featured_media":465,"parent":0,"menu_order":0,"comment_status":"closed","ping_status":"closed","template":"","meta":{"_EventAllDay":false,"_EventTimezone":"","_EventStartDate":"","_EventEndDate":"","_EventStartDateUTC":"","_EventEndDateUTC":"","_EventShowMap":false,"_EventShowMapLink":false,"_EventURL":"","_EventCost":"","_EventCostDescription":"","_EventCurrencySymbol":"","_EventCurrencyCode":"","_EventCurrencyPosition":"","_EventDateTimeSeparator":"","_EventTimeRangeSeparator":"","_EventOrganizerID":[],"_EventVenueID":[],"_OrganizerEmail":"","_OrganizerPhone":"","_OrganizerWebsite":"","_VenueAddress":"","_VenueCity":"","_VenueCountry":"","_VenueProvince":"","_VenueState":"","_VenueZip":"","_VenuePhone":"","_VenueURL":"","_VenueStateProvince":"","_VenueLat":"","_VenueLng":"","_VenueShowMap":false,"_VenueShowMapLink":false,"footnotes":""},"class_list":["post-464","page","type-page","status-publish","has-post-thumbnail","hentry"],"_links":{"self":[{"href":"https:\/\/www.ckbbarczewo.pl\/index.php?rest_route=\/wp\/v2\/pages\/464","targetHints":{"allow":["GET"]}}],"collection":[{"href":"https:\/\/www.ckbbarczewo.pl\/index.php?rest_route=\/wp\/v2\/pages"}],"about":[{"href":"https:\/\/www.ckbbarczewo.pl\/index.php?rest_route=\/wp\/v2\/types\/page"}],"author":[{"embeddable":true,"href":"https:\/\/www.ckbbarczewo.pl\/index.php?rest_route=\/wp\/v2\/users\/1"}],"replies":[{"embeddable":true,"href":"https:\/\/www.ckbbarczewo.pl\/index.php?rest_route=%2Fwp%2Fv2%2Fcomments&post=464"}],"version-history":[{"count":2,"href":"https:\/\/www.ckbbarczewo.pl\/index.php?rest_route=\/wp\/v2\/pages\/464\/revisions"}],"predecessor-version":[{"id":470,"href":"https:\/\/www.ckbbarczewo.pl\/index.php?rest_route=\/wp\/v2\/pages\/464\/revisions\/470"}],"wp:featuredmedia":[{"embeddable":true,"href":"https:\/\/www.ckbbarczewo.pl\/index.php?rest_route=\/wp\/v2\/media\/465"}],"wp:attachment":[{"href":"https:\/\/www.ckbbarczewo.pl\/index.php?rest_route=%2Fwp%2Fv2%2Fmedia&parent=464"}],"curies":[{"name":"wp","href":"https:\/\/api.w.org\/{rel}","templated":true}]}}